{"version":"1.0","provider_name":"Inter-Faces","provider_url":"https:\/\/inter-faces.eu","author_name":"claire","author_url":"https:\/\/inter-faces.eu\/index.php\/author\/claire\/","title":"Les fauteuils Grand Executive - Vitra - Inter-Faces","type":"rich","width":600,"height":338,"html":"<blockquote class=\"wp-embedded-content\" data-secret=\"bM1ET864a6\"><a href=\"https:\/\/inter-faces.eu\/index.php\/portfolio-item\/les-fauteuils-grand-executive-vitra\/\">Les fauteuils Grand Executive &#8211; Vitra<\/a><\/blockquote><iframe sandbox=\"allow-scripts\" security=\"restricted\" src=\"https:\/\/inter-faces.eu\/index.php\/portfolio-item\/les-fauteuils-grand-executive-vitra\/embed\/#?secret=bM1ET864a6\" width=\"600\" height=\"338\" title=\"\u00ab\u00a0Les fauteuils Grand Executive &#8211; Vitra\u00a0\u00bb &#8212; Inter-Faces\" data-secret=\"bM1ET864a6\" frameborder=\"0\" marginwidth=\"0\" marginheight=\"0\" scrolling=\"no\" class=\"wp-embedded-content\"><\/iframe><script type=\"text\/javascript\">\n\/* <![CDATA[ *\/\n\/*! This file is auto-generated *\/\n!function(d,l){\"use strict\";l.querySelector&&d.addEventListener&&\"undefined\"!=typeof URL&&(d.wp=d.wp||{},d.wp.receiveEmbedMessage||(d.wp.receiveEmbedMessage=function(e){var t=e.data;if((t||t.secret||t.message||t.value)&&!\/[^a-zA-Z0-9]\/.test(t.secret)){for(var s,r,n,a=l.querySelectorAll('iframe[data-secret=\"'+t.secret+'\"]'),o=l.querySelectorAll('blockquote[data-secret=\"'+t.secret+'\"]'),c=new RegExp(\"^https?:$\",\"i\"),i=0;i<o.length;i++)o[i].style.display=\"none\";for(i=0;i<a.length;i++)s=a[i],e.source===s.contentWindow&&(s.removeAttribute(\"style\"),\"height\"===t.message?(1e3<(r=parseInt(t.value,10))?r=1e3:~~r<200&&(r=200),s.height=r):\"link\"===t.message&&(r=new URL(s.getAttribute(\"src\")),n=new URL(t.value),c.test(n.protocol))&&n.host===r.host&&l.activeElement===s&&(d.top.location.href=t.value))}},d.addEventListener(\"message\",d.wp.receiveEmbedMessage,!1),l.addEventListener(\"DOMContentLoaded\",function(){for(var e,t,s=l.querySelectorAll(\"iframe.wp-embedded-content\"),r=0;r<s.length;r++)(t=(e=s[r]).getAttribute(\"data-secret\"))||(t=Math.random().toString(36).substring(2,12),e.src+=\"#?secret=\"+t,e.setAttribute(\"data-secret\",t)),e.contentWindow.postMessage({message:\"ready\",secret:t},\"*\")},!1)))}(window,document);\n\/* ]]> *\/\n<\/script>\n","thumbnail_url":"https:\/\/inter-faces.eu\/wp-content\/uploads\/2024\/07\/Vitra-Grand-executive-7-scaled.jpg","thumbnail_width":2560,"thumbnail_height":1920,"description":"Design : Antonio Citterio, 2014 Avec Grand Executive, Antonio Citterio allie l\u2019\u00e9l\u00e9gance du fauteuil lounge Grand Repos con\u00e7u pour la Vitra Home Collection \u00e0 la fonctionnalit\u00e9 d\u2019un si\u00e8ge de bureau contemporain. Le rembourrage souple rev\u00eatu de cuir haut de gamme offre un confort extr\u00eame. Des coutures d\u00e9coratives soulignent les d\u00e9tails de fabrication artisanale et structurent [&hellip;]"}

Design : Antonio Citterio, 2014 Avec Grand Executive, Antonio Citterio allie l’élégance du fauteuil lounge Grand Repos conçu pour la Vitra Home Collection à la fonctionnalité d’un siège de bureau contemporain. Le rembourrage souple revêtu de cuir haut de gamme offre un confort extrême. Des coutures décoratives soulignent les détails de fabrication artisanale et structurent [&hellip;]
